r of 11601 and 7.
1
What is the highest common factor of 131 and 2114209?
131
What is the highest common divisor of 1313 and 767?
13
What is the highest common factor of 788 and 1504292?
788
What is the highest common divisor of 2512 and 33598?
314
What is the highest common factor of 31995 and 189?
27
What is the greatest common factor of 4 and 19156?
4
Calculate the highest common factor of 520 and 9640.
40
Calculate the highest common divisor of 3261 and 33.
3
Calculate the highest common factor of 155 and 2250.
5
Calculate the greatest common divisor of 72 and 16504.
8
Calculate the highest common factor of 298718 and 98.
14
What is the highest common divisor of 218 and 561677?
109
Calculate the greatest common factor of 68 and 6337.
1
What is the highest common divisor of 105456 and 48?
48
What is the highest common divisor of 6 and 40746?
6
What is the greatest common divisor of 92629 and 16243?
439
Calculate the highest common factor of 5 and 47020.
5
What is the highest common divisor of 360 and 59715?
45
Calculate the highest common divisor of 152113 and 351.
13
Calculate the greatest common divisor of 43931 and 9653.
197
Calculate the highest common factor of 484495 and 11.
11
What is the greatest common factor of 160 and 1048928?
32
What is the greatest common factor of 27 and 112779?
27
Calculate the highest common factor of 25 and 848660.
5
Calculate the highest common factor of 8773 and 10754.
283
What is the highest common divisor of 120020 and 108724?
1412
What is the highest common divisor of 170 and 2618?
34
Calculate the highest common divisor of 16 and 20544.
16
What is the highest common factor of 23548 and 42?
14
What is the highest common divisor of 9 and 37512?
9
Calculate the highest common factor of 67 and 358852.
67
Calculate the highest common factor of 136 and 3096.
8
What is the greatest common divisor of 553280 and 247?
247
Calculate the greatest common divisor of 60 and 458940.
60
Calculate the highest common divisor of 38 and 121201.
19
Calculate the greatest common divisor of 8084 and 71509.
43
What is the greatest common factor of 420906 and 4002?
174
What is the highest common divisor of 155211 and 3325?
133
Calculate the highest common divisor of 5731 and 33.
11
Calculate the greatest common divisor of 57573 and 27.
9
Calculate the greatest common divisor of 88 and 341308.
44
Calculate the highest common divisor of 2695671 and 12045.
2409
Calculate the highest common factor of 4475 and 90275.
25
What is the highest common factor of 32 and 105136?
16
Calculate the highest common divisor of 3942 and 2418198.
438
Calculate the greatest common divisor of 279162 and 2106.
234
What is the greatest common factor of 136 and 37196?
68
What is the greatest common factor of 48 and 219664?
16
What is the greatest common factor of 900 and 154980?
180
What is the greatest common divisor of 156 and 193452?
12
Calculate the highest common factor of 131404 and 364.
364
Calculate the greatest common factor of 806 and 227344.
26
Calculate the greatest common divisor of 1004300 and 800.
100
What is the greatest common divisor of 896 and 8344?
56
What is the highest common factor of 35848 and 8?
8
What is the greatest common divisor of 370638 and 90?
18
Calculate the greatest common divisor of 14165 and 955.
5
Calculate the greatest common divisor of 187022 and 22.
22
What is the greatest common factor of 108 and 82668?
12
Calculate the greatest common factor of 39759 and 2285.
457
Calculate the highest common factor of 788 and 37233.
197
What is the highest common factor of 424 and 17490?
106
Calculate the greatest common divisor of 53220 and 3840.
60
What is the greatest common factor of 91931 and 483?
161
Calculate the greatest common factor of 17549 and 805.
161
Calculate the highest common divisor of 13024 and 2728.
88
What is the highest common divisor of 2944 and 1058?
46
Calculate the greatest common factor of 7888 and 5168.
272
What is the highest common factor of 1125 and 5715?
45
Calculate the highest common divisor of 495 and 6237.
99
What is the highest common factor of 13550 and 49400?
50
Calculate the highest common factor of 1298227 and 971.
971
What is the greatest common divisor of 5 and 29635?
5
Calculate the greatest common divisor of 7462 and 574.
574
Calculate the highest common factor of 3828 and 12354.
174
Calculate the greatest common divisor of 345 and 132595.
115
What is the highest common factor of 276 and 9?
3
Calculate the greatest common divisor of 1530 and 13230.
90
What is the highest common factor of 117 and 228930?
39
Calculate the greatest common factor of 21 and 358848.
21
What is the greatest common divisor of 861 and 6951?
21
What is the highest common divisor of 85 and 18605?
5
What is the greatest common divisor of 190 and 241810?
10
Calculate the greatest common factor of 413100 and 41796.
972
What is the highest common factor of 432 and 6192?
144
What is the greatest common divisor of 15000 and 26340?
60
Calculate the greatest common divisor of 58 and 694.
2
What is the greatest common divisor of 66290 and 6230?
70
Calculate the highest common divisor of 4025 and 1631.
7
What is the highest common divisor of 60 and 52040?
20
Calculate the highest common divisor of 80 and 46040.
40
What is the highest common factor of 22878 and 517297?
1271
What is the greatest common factor of 768 and 1657536?
192
Calculate the greatest common factor of 1429967 and 539.
539
What is the highest common divisor of 52 and 13381498?
26
Calculate the highest common factor of 5896 and 1793.
11
What is the greatest common factor of 176 and 1429264?
16
Calculate the greatest common divisor of 28920 and 360.
120
What is the highest common divisor of 96 and 44576?
32
Calculate the highest common divisor of 7748599 and 19.
19
What is the greatest common factor of 100 and 90975?
25
What is the highest common factor of 154 and 78518?
22
What is the highest common divisor of 3114 and 234?
18
Calculate the greatest common factor of 5427 and 1458.
81
Calculate the greatest common factor of 2548 and 17966.
26
Calculate the highest common divisor of 282 and 2167593.
141
Calculate the greatest common divisor of 5848 and 8840.
136
Calculate the greatest common factor of 30734 and 242.
242
Calculate the greatest common factor of 4417 and 726281.
631
What is the greatest common divisor of 34 and 228871?
17
Calculate the greatest common factor of 319221 and 9072.
567
Calculate the greatest common divisor of 5733 and 4446.
117
What is the greatest common divisor of 25434 and 243?
81
What is the greatest common factor of 3328 and 258816?
256
What is the greatest common factor of 12 and 273993?
3
Calculate the highest common factor of 7463 and 17.
17
Calculate the greatest common factor of 47754 and 4169.
379
Calculate the greatest common factor of 175724 and 1576.
788
Calculate the highest common factor of 116 and 39701.
29
Calculate the greatest common factor of 1750 and 1890.
70
What is the highest common factor of 566486 and 58?
58
What is the highest common divisor of 528591 and 21?
21
What is the highest common divisor of 829750 and 750?
250
Calculate the highest common factor of 18171 and 12501.
27
What is the greatest common factor of 3558 and 2454?
6
Calculate the highest common divisor of 21945 and 14385.
105
What is the highest common divisor of 27104 and 1792?
224
Calculate the greatest common factor of 1482 and 18316.
38
Calculate the highest common factor of 233830 and 4886.
698
Calculate the greatest common divisor of 59823 and 306.
153
Calculate the highest common factor of 130 and 757978.
26
Calculate the highest common divisor of 284398 and 106.
106
What is the highest common factor of 5253 and 16995?
309
What is the highest common factor of 1833 and 78114?
141
What is the greatest common factor of 153 and 340323?
51
Calculate the greatest common factor of 16701 and 1140.
57
Calculate the highest common divisor of 13 and 1121159.
13
What is the greatest common factor of 1716601 and 214?
107
What is the highest common factor of 78120 and 1470?
210
Calculate the highest common factor of 1256 and 48513.
157
Calculate the greatest common divisor of 81912 and 904.
8
What is the greatest common divisor of 264 an